+ (21 - (4 + 5)).
8
Calculate -1 - (1 - (5 + 0)).
3
What is -1 - -3 - (-1 + 7 + 0)?
-4
What is the value of 10 - (-1 + 7) - 3 - 0?
1
2 + -2 - ((-5 - 0) + 5)
0
What is the value of (-4 - -4 - -4) + -3 + -6?
-5
Calculate (-36 - -36) + (-2 - 0).
-2
Evaluate 1 + -5 - (3 - 5).
-2
Evaluate 8 - (0 - -3 - -7).
-2
What is the value of 1 + (2 - -1) - (1 - -2)?
1
What is 5 + 1 + -8 + 3?
1
Calculate (0 - 1) + (1 - 0).
0
Calculate 2 - (-5 + 6) - (-2 + -2).
5
Evaluate 167 + -161 + (2 - 1) + 3.
10
What is 0 + 1 + -5 - (-51 + 43)?
4
4 + (2 - (-5 + 5) - 10)
-4
Calculate -1 + -8 - (-4 + -1).
-4
Evaluate (-1 - -13) + (-58 - -45).
-1
Evaluate 4 + (1 - 4) + 4 - 6.
-1
Evaluate -2 - (10 + (-11 - 5)).
4
Evaluate -3 + 8 + (-6 - 2).
-3
(-2 - -4 - 2) + 3
3
What is (4 - (-1 + 4)) + 1 + -7?
-5
What is the value of 1 + -1 - -5 - (-7 - -17)?
-5
(4 - 0 - 7) + (-3 - -11)
5
What is the value of (-27 - -28) + -3 + (-4 - -3)?
-3
What is the value of 2 + -1 + -5 + 2 + -4?
-6
(0 - -1 - (27 - 22)) + 0
-4
Evaluate -43 + 50 + (-4 - -1).
4
Calculate -1 + (5 - 2) - (0 + 7).
-5
What is the value of 2 - (-3 + 0 + 3) - 0?
2
Evaluate -4 - (-1 + 3 + -1).
-5
Evaluate 23 - 22 - (0 + 1 + 2).
-2
17 + -10 - (0 - 1)
8
Calculate -4 - -6 - (-4 + (-1 - -4)).
3
Calculate 9 - 4 - (1 - 3).
7
Evaluate 3 + (-3 - (-4 + 4)).
0
What is 1 - 1 - (-13 + 11)?
2
What is the value of 7 + -1 + 1 + -2 + -1?
4
Calculate 12 - (-1 + 11 - 4).
6
Calculate 0 + 2 + -3 + (3 - -1).
3
What is the value of -2 + (0 - (3 + -5)) + -1?
-1
Calculate (0 - 5) + (4 - 4) + 5.
0
Evaluate -511 + 506 + (5 - 1 - -1).
0
(-11 - (-4 + -2 + 1)) + 1
-5
What is -2 - (-2 + 4 - 2)?
-2
What is -5 + (-5 - (-20 + 4))?
6
Evaluate 0 + 4 + -4 + 2 - 2.
0
What is the value of -1 - -10 - 2 - 11?
-4
(0 - -2) + (1 - 2)
1
Evaluate -4 + (15 - 2 - 16).
-7
What is 2 - 0 - ((5 - 4) + -3)?
4
Evaluate (12 - 13 - 2) + 14.
11
Evaluate -1 + (-1 - -1 - 1) + -3.
-5
Calculate 6 + (-5 - -3) + (0 - 1).
3
(8 - 1) + 0 + -2
5
Calculate -9 - (2 - (13 - 2)).
0
What is 1 + -1 - 1 - 4?
-5
What is the value of -2 - (-5 + 6 + 1)?
-4
3 + (5 - 8) + 2 + 2
4
5 + 0 - (1 - -1)
3
Evaluate (-10 - 0) + (6 - (3 + -1)).
-6
Calculate (6 - -7) + (-15 - -9).
7
What is 0 + 1 + 0 - -3 - 1?
3
Evaluate 12 - (4 - (-10 + -3)).
-5
2 + (-8 - -4) + 0
-2
What is the value of 4 - 0 - -1 - (-12 + 13)?
4
Calculate (0 - (-2 - -4)) + 2.
0
What is the value of (0 - 1) + 5 - (8 - 4)?
0
What is -1 + 4 - (-2 + -2 + 2)?
5
What is 1 + 2 - 0 - -2?
5
What is the value of (-3 - 0) + -3 + -1 + 3?
-4
Evaluate (2 - (0 - (0 - 3))) + 3.
2
What is 4 - (-2 - -9) - (2 + -2)?
-3
Calculate (-3 - 2) + 3 + -2.
-4
Evaluate (2 - -2 - 2 - 1) + -1.
0
Calculate 8 + -5 + (-4 - -1).
0
What is 0 - 5 - (0 + -6)?
1
(-3 - 0) + 0 - 2 - -4
-1
6 + -6 - (-2 - (2 + -7))
-3
What is -22 - (10 - 11 - 12)?
-9
What is the value of 1 + (-3 - -5) + -2?
1
5 + -11 - -10 - (-1 + 0)
5
Evaluate 7 - (6 + 6 + 1).
-6
What is -4 + -3 - -11 - 8?
-4
-7 + 12 + -12 + 6
-1
What is -1 - (7 + -5 - -1)?
-4
Calculate (2 - -3 - 2) + -15 + 8.
-4
What is the value of 7 + (-11 - -7) - (1 + 0)?
2
3 - (7 + -10 + 4 - 8)
10
What is -5 + 4 + 2 + 5 + -3?
3
Calculate -5 - (-3 + 7) - (0 - 3).
-6
What is -7 + 15 + -3 + 0?
5
What is -1 - -3 - (0 - -5)?
-3
What is -10 - (-5 - (4 + -4))?
-5
What is -8 + (4 - 3) - (-1 - 2)?
-4
What is -10 + -2 - (-3 - 19)?
10
Calculate (1 - 3) + 3 - 4.
-3
Evaluate 2 - (2 + -3 + -1 + 0).
4
Calculate 0 + (2 - 3 - (8 + -10)).
1
-2 + (-36 - -40) + -7 + 0
-5
(0 - (2 - 2)) + (-14 - -10)
-4
3 + -6 + -4 + (0 - -3)
-4
-3 + 0 + 2 + 0 + 5
4
What is the value of (0 + 1 - (4 + 2)) + 1?
-4
What is the value of 0 + (2 + 4 - 1)?
5
Calculate -13 - (-13 - -9) - -3.
-6
What is the value of 1 - (6 - (8 - -4))?
7
What is 4 + -4 - -5 - (11 - 8)?
2
Evaluate -1 + -4 + (2 - -2) + -4.
-5
What is (-24 - -26) + (-1 - -4)?
5
What is the value of (3 - (-1 - -1)) + (-2 - -1)?
2
What is -6 + -2 + 9 + 4?
5
Calculate -11 + 1 - (25 - 30).
-5
-5 + 1 + 0 - (210 + -211)
-3
What is the value of (-3 + 3 + 1 - -3) + -7?
-3
0 - (-3 - (-3 - 2))
-2
Calculate -6 + 17 - (5 + -3).
9
What is -8 + (3 - 4) + (1 - -3)?
-5
Evaluate 20 + -8 - (-10 + 19).
3
What is the value of (-4 - -3) + -4 + 0 + 0?
-5
What is the value of 2 + 0 + 1 - 1?
2
Calculate -3 + 1 + (1 - -2) + -1.
0
What is the value of 7 - ((6 - 8) + (6 - 1))?
4
What is the value of (-5 - -1) + 4 + -1 + -3?
-4
What is 6 + -4 + 1 + -1?
2
(-6 - -9) + (2 - 2) - 5
-2
Calculate -2 + 7 + -1 - 2.
2
-6 - -11 - 2 - 3
0
-6 - (1 - 1 - 2 - 1)
-3
What is 0 + (4 + -5 - (2 + -2))?
-1
Evaluate (-11 - -6) + 5 - 5 - 1.
-6
Evaluate -13 + (2 - (-5 + -2)).
-4
4 + (-10 - -1) + 6 - -6
7
Calculate -1 + (-1 - 2) + 22 + -19.
-1
Calculate 1 - (-6 - (0 - 6 - -2)).
3
Evaluate -4 - ((4 - (-2 - -3)) + -5).
-2
What is (-13 - (-16 + 9)) + (-3 - -7)?
-2
What is 2 - (3 + -6 - -4)?
1
Evaluate 5 + (5 - 7) + -3.
0
What is the value of 9 + -2 - 12 - (-1 + -4)?
0
-6 + -1 + (-2 - -6) + 0
-3
What is (77 - 79) + 0 + -1 + 1?
-2
Evaluate (-2 - (5 - 3) - 1) + 8.
3
What is 11 + -15 + 3 + -1?
-2
Evaluate (-4 - -2 - (0 + 0)) + 4.
2
What is the value of -1 + -1 - (16 + -3 + -10)?
-5
What is the value of -16 - -16 - (-5 - 0)?
5
What is the value of -2 - (-1 + (-7 + 0 - -4))?
2
What is the value of (-3 - 1) + 2 - (0 + -7)?
5
What is 9 + -2 + 6 + -9?
4
What is the value of 4 + (-4 - (2 + -6))?
4
(2 - 2 - -2) + 4 - 7
-1
-4 + 13 + (-18 - -5)
-4
-2 + 0 + 3 + (-1 - -1)
1
17 + -28 - (-2 + -3)
-6
What is the value of (1 + -6 - 3) + 3?
-5
What is the value of -10 + 10 + -7 + 4 + -1?
-4
-5 + 0 + 10 + -9 + 4
0
What is the value of -1 + (3 - 5 - -3) + -5?
-5
Calculate 6 + (0 - 6) + 0 + -3.
-3
What is 12 - 2 - (26 - 23)?
7
1 - 5 - (3 + -1 + -4)
-2
What is -6 + 11 + (2 - 2) + -2?
3
What is -13 - (-7 + (-5 - -4))?
-5
Evaluate -58 + 57 + -1 + 1.
-1
Calculate 4 - 1 - ((-4 - -9) + -1).
-1
(-16 + 3 - -7) + 5
-1
Calculate (2 - (2 + -2 - -4)) + -1.
-3
Evaluate -4 + (-8 - (0 + 0)) + 5.
-7
-6 + -3 - -1 - -4
-4
What is (-1 + 3 - 2) + 18 + -17?
1
What is the value of 1 + -7 - (-1 - -8 - 5)?
-8
Calculate -10 + (7 - 4 - -2).
-5
What is (-3 - 0) + (-4 - -2)?
-5
What is -10 + 14 + (-3 - -1)?
2
Evaluate 4 + -3 + 1 + (-2 - -4).
4
-8 + (-2 + 8 - (-17 + 18))
-3
0 + 6 - (-5 - (-5 - -2))
8
Calculate -3 + -5 + 4 + 5 - -4.
5
What is the value of 4 - (-4 + 11) - -6?
3
Evaluate -3 + 3 + 4 + 7 + -3.
8
Calculate -6 + 4 + -6 + 9.
1
Evaluate -3 + (8 - (0 + 1) - 2).
2
What is the value of -5 + (25 - 13 - 13)?
-6
What is 8 + 0 - (6 - 1)?
3
What is 0 + -2 + -3 + 0 + 2?
-3
What is -2 - (8 + (4 - 12 - -3))?
-5
What is the value of (-1 - 4) + 12 + -4?
3
What is the value of 0 + -3 + (23 - 2) + -23?
-5
What is 9 - ((-6 - -14) + 1)?
0
1 + (-3 - -2) - -4
4
What is 4 + (-3 + 9 - 6)?
4
What is the value of (-14 + 0 - -1) + -43 + 48?
-8
(6 - 5 - (1 + -2)) + -2
0
Calculate 6 + 2 + -5 + 1 + -8.
-4
Evaluate -2 + -3 + (-1 - -4) + -1.
-3
(0 - 6) + (2 - 1)
-5
Calculate (1 - 5) + (2 - -5) + -2.
1
What is -3 + -1 - (-38 - -29) - 10?
-5
Evaluate 4 + (-11 - -6) - (-1 + -5).
5
What is -15 - (-14 + 1 + (1 - -6))?
-9
Evaluate -4 - (5 + -9) - (2 - 0).
-2
Calculate (16 - 17 - 5) + (1 - -4).
-1
Calculate -21 + (-6 - -9) + 9.
-9
What is the value of -9 + (11 - (5 - 9))?
6
What is the value of 1 + 4 + -3 + 1?
3
What is the value of (-6 - -5 - 5) + 5?
-1
1 + -4 + 0 + -2
-5
What is the value of 1 - (-6 + 2) - 1?
4
2 + 5 + 0 - 4
3
What is the value of -2 - (6 - (1 + 9))?
2
What is the value of -5 + 4 + 0 + 8 + -9?
-2
6 - ((4 - -7) + -3)
-2
What is 0 - 0 - (1 - 1)?
0
1 - (3 - 2) - (1 + -2)
1
-1 - (3 + -6 - 3 - 1)
6
2 + -11 - -16 - (8 - 1)
0
What is the value of 0 + 4 + (-10 - -7)?
1
1 + 1 - (-3 + 8) - -5
2
-4 + (-9 - (-5 - 0)) + 5
-3
What is 3 - ((-2 - -5) + -2)?
2
Evaluate -25 - -13 - (-6 - -2).
-8
What is 3 + -4 + -3 + 1 + -2?
-5
Evaluate 12 + -24 + 28 + (0 - 11).
5
Calculate -3 - 0 - (-6 - -12 - 5).
-4
What is 3 + 3 + -1 + -10?
-5
Calculate -6 - -5 - ((1 - -1) + -1).
-2
Evaluate 3 + 4 + (-2 - 3).
2
What is -6 - (-3 - -5 - 7)?
-1
Evaluate (3 - 0) + (-3 - -3) + -4.
-1
Calculate -3 - (-2 - 2) - -3.
4
-3 - ((-9 - 3 - -2) + 2)
5
(0 - 3 - -1) + (6 - 0)
4
Calculate (-3 - (-10 - -3)) + 4 + -7.
1
Evaluate (-6 + 1 - 0 - -2) + 4.
1
1 - 7 - (37 + -41)
-2
-5 + (1 - (-1 + -2))
-1
What is the value of 4 + (1 - 2 - -1)?
4
What is the value of 6 - 5 - 5 - -6 - 0?
2
What is (-5 -